{"id":2332,"date":"2021-06-02T16:56:01","date_gmt":"2021-06-02T09:56:01","guid":{"rendered":"https:\/\/restekequipment.com\/?post_type=product&#038;p=2332"},"modified":"2021-06-02T16:59:21","modified_gmt":"2021-06-02T09:59:21","slug":"mang-thep-do-cap-chinh-hang-gia-tot","status":"publish","type":"product","link":"https:\/\/restekequipment.com\/?product=mang-thep-do-cap-chinh-hang-gia-tot","title":{"rendered":"M\u00c1NG TH\u00c9P \u0110\u1ee0 C\u00c1P CH\u00cdNH H\u00c3NG GI\u00c1 T\u1ed0T"},"content":{"rendered":"<h1 class=\"tieu-de-h1\">M\u00c1NG TH\u00c9P \u0110\u1ee0 C\u00c1P:<\/h1>\n<h1 class=\"tieu-de-h1\">m\u00e1ng x\u00edch th\u00e9p c\u00f3 l\u1ed7 lu\u1ed3n d\u00e2y<\/h1>\n<h1 class=\"tieu-de-h1\"><a href=\"https:\/\/restekequipment.com\/wp-content\/uploads\/2021\/06\/mang-thep-do-cap.jpg\"><img loading=\"lazy\" decoding=\"async\" class=\"alignnone size-full wp-image-2333\" src=\"https:\/\/restekequipment.com\/wp-content\/uploads\/2021\/06\/mang-thep-do-cap.jpg\" alt=\"\" width=\"635\" height=\"476\" srcset=\"https:\/\/restekequipment.com\/wp-content\/uploads\/2021\/06\/mang-thep-do-cap.jpg 635w, https:\/\/restekequipment.com\/wp-content\/uploads\/2021\/06\/mang-thep-do-cap-300x225.jpg 300w, https:\/\/restekequipment.com\/wp-content\/uploads\/2021\/06\/mang-thep-do-cap-510x382.jpg 510w\" sizes=\"auto, (max-width: 635px) 100vw, 635px\" \/><\/a><br \/>\nm\u00e1ng x\u00edch th\u00e9p c\u00f3 thanh chia d\u00e2y<\/h1>\n<p><a href=\"https:\/\/restekequipment.com\/wp-content\/uploads\/2021\/06\/mang-thep-do-cap-thang.jpg\"><img loading=\"lazy\" decoding=\"async\" class=\"alignnone size-full wp-image-2334\" src=\"https:\/\/restekequipment.com\/wp-content\/uploads\/2021\/06\/mang-thep-do-cap-thang.jpg\" alt=\"\" width=\"287\" height=\"281\" \/><\/a><\/p>\n<div class=\"khung-bao-tren-spct\"><\/div>\n","protected":false},"excerpt":{"rendered":"<p>M\u00e1ng x\u00edch th\u00e9p c\u00f3 l\u1ed7 lu\u1ed3n d\u00e2y<br \/>\nM\u00e1ng x\u00edch th\u00e9p c\u00f3 thanh chia d\u00e2y<\/p>\n","protected":false},"featured_media":2333,"comment_status":"open","ping_status":"closed","template":"","meta":[],"product_brand":[],"product_cat":[413],"product_tag":[],"class_list":{"0":"post-2332","1":"product","2":"type-product","3":"status-publish","4":"has-post-thumbnail","6":"product_cat-mang-cap-dien","7":"pa_nha-san-xuat-ruiao","9":"first","10":"instock","11":"shipping-taxable","12":"product-type-simple"},"_links":{"self":[{"href":"https:\/\/restekequipment.com\/index.php?rest_route=\/wp\/v2\/product\/2332","targetHints":{"allow":["GET"]}}],"collection":[{"href":"https:\/\/restekequipment.com\/index.php?rest_route=\/wp\/v2\/product"}],"about":[{"href":"https:\/\/restekequipment.com\/index.php?rest_route=\/wp\/v2\/types\/product"}],"replies":[{"embeddable":true,"href":"https:\/\/restekequipment.com\/index.php?rest_route=%2Fwp%2Fv2%2Fcomments&post=2332"}],"wp:featuredmedia":[{"embeddable":true,"href":"https:\/\/restekequipment.com\/index.php?rest_route=\/wp\/v2\/media\/2333"}],"wp:attachment":[{"href":"https:\/\/restekequipment.com\/index.php?rest_route=%2Fwp%2Fv2%2Fmedia&parent=2332"}],"wp:term":[{"taxonomy":"product_brand","embeddable":true,"href":"https:\/\/restekequipment.com\/index.php?rest_route=%2Fwp%2Fv2%2Fproduct_brand&post=2332"},{"taxonomy":"product_cat","embeddable":true,"href":"https:\/\/restekequipment.com\/index.php?rest_route=%2Fwp%2Fv2%2Fproduct_cat&post=2332"},{"taxonomy":"product_tag","embeddable":true,"href":"https:\/\/restekequipment.com\/index.php?rest_route=%2Fwp%2Fv2%2Fproduct_tag&post=2332"}],"curies":[{"name":"wp","href":"https:\/\/api.w.org\/{rel}","templated":true}]}}