{"id":1963,"date":"2021-04-26T19:18:10","date_gmt":"2021-04-26T12:18:10","guid":{"rendered":"https:\/\/restek.chonwebsite.com\/?post_type=product&#038;p=1963"},"modified":"2021-05-20T15:23:24","modified_gmt":"2021-05-20T08:23:24","slug":"vong-bi-con-nsk-cac-loai","status":"publish","type":"product","link":"https:\/\/restekequipment.com\/?product=vong-bi-con-nsk-cac-loai","title":{"rendered":"V\u00f2ng bi c\u00f4n NSK c\u00e1c lo\u1ea1i"},"content":{"rendered":"<p>V\u00f2ng bi c\u00f4n (Tapered roller bearing) s\u1eed d\u1ee5ng con l\u0103n c\u00f4n l\u0103n quanh c\u00e1c m\u1eb7t d\u1eabn c\u00f4n tr\u00ean v\u00f2ng trong v\u00e0 v\u00f2ng ngo\u00e0i. Nh\u1eefng \u1ed5 n\u00e0y kh\u00f3 kh\u1ea3 n\u0103ng ch\u1ecbu t\u1ea3i tr\u1ecdng h\u01b0\u1edbng k\u00ednh v\u00e0 h\u01b0\u1edbng tr\u1ee5c (tr\u00ean m\u1ed9t h\u01b0\u1edbng) r\u1ea5t cao. V\u00f2ng bi lo\u1ea1i n\u00e0y th\u01b0\u1eddng \u0111\u01b0\u1ee3c l\u1eafp th\u00e0nh \u0111\u00f4i t\u01b0\u01a1ng t\u1ef1 nh\u01b0 v\u00f2ng bi c\u1ea7u \u0111\u1ee1 ch\u1eb7n. Trong tr\u01b0\u1eddng h\u1ee3p n\u00e0y c\u00f3 th\u1ec3 \u0111\u1ea1t \u0111\u01b0\u1ee3c \u0111\u1ed9 h\u1edf trong th\u00edch h\u1ee3p b\u1eb1ng c\u00e1ch \u0111i\u1ec1u ch\u1ec9nh kho\u1ea3ng c\u00e1ch h\u01b0\u1edbng tr\u1ee5c gi\u1eefa v\u00f2ng trong ho\u1eb7c v\u00f2ng ngo\u00e0i c\u1ee7a hai \u1ed5 bi \u0111\u1ed1i nhau. Do k\u1ebft c\u1ea5u c\u1ee7a v\u00f2ng bi lo\u1ea1i n\u00e0y n\u00ean v\u00f2ng trong v\u00e0 v\u00f2ng ngo\u00e0i c\u00f3 th\u1ec3 l\u1eafp ri\u00eang bi\u1ec7t.<br \/>\nT\u00f9y thu\u1ed9c v\u00e0o g\u00f3c ti\u1ebfp x\u00fac v\u00f2ng bi c\u00f4n \u0111\u01b0\u1ee3c chia th\u00e0nh 3 lo\u1ea1i: g\u00f3c th\u01b0\u1eddng, g\u00f3c v\u1eeba v\u00e0 g\u00f3c s\u00e2u. Ngo\u00e0i ra, c\u00f2n c\u00f3 \u1ed5 \u0111\u0169a c\u00f4n 4 d\u00e3y v\u00e0 2 d\u00e3y.<br \/>\nV\u00f2ng c\u00e1ch l\u00e0m b\u1eb1ng th\u00e9p d\u1eadp \u0111\u01b0\u1ee3c s\u1eed d\u1ee5ng ph\u1ed5 bi\u1ebfn.<\/p>\n<figure id=\"attachment_2282\" aria-describedby=\"caption-attachment-2282\" style=\"width: 401px\" class=\"wp-caption alignnone\"><a href=\"https:\/\/restekequipment.com\/wp-content\/uploads\/2021\/04\/vong-bi-con-cac-loai-1.jpg\"><img loading=\"lazy\" decoding=\"async\" class=\"size-full wp-image-2282\" src=\"https:\/\/restekequipment.com\/wp-content\/uploads\/2021\/04\/vong-bi-con-cac-loai-1.jpg\" alt=\"\" width=\"401\" height=\"336\" srcset=\"https:\/\/restekequipment.com\/wp-content\/uploads\/2021\/04\/vong-bi-con-cac-loai-1.jpg 401w, https:\/\/restekequipment.com\/wp-content\/uploads\/2021\/04\/vong-bi-con-cac-loai-1-300x251.jpg 300w\" sizes=\"auto, (max-width: 401px) 100vw, 401px\" \/><\/a><figcaption id=\"caption-attachment-2282\" class=\"wp-caption-text\">v\u00f2ng bi c\u00f4n c\u00e1c lo\u1ea1i c\u1ee7a h\u00e3ng SKF<\/figcaption><\/figure>\n","protected":false},"excerpt":{"rendered":"<p>V\u00f2ng bi c\u00f4n (Tapered roller bearing) s\u1eed d\u1ee5ng con l\u0103n c\u00f4n l\u0103n quanh c\u00e1c m\u1eb7t d\u1eabn c\u00f4n tr\u00ean v\u00f2ng trong v\u00e0 v\u00f2ng ngo\u00e0i. Nh\u1eefng \u1ed5 n\u00e0y kh\u00f3 kh\u1ea3 n\u0103ng ch\u1ecbu t\u1ea3i tr\u1ecdng h\u01b0\u1edbng k\u00ednh v\u00e0 h\u01b0\u1edbng tr\u1ee5c (tr\u00ean m\u1ed9t h\u01b0\u1edbng) r\u1ea5t cao. V\u00f2ng bi lo\u1ea1i n\u00e0y th\u01b0\u1eddng \u0111\u01b0\u1ee3c l\u1eafp th\u00e0nh \u0111\u00f4i t\u01b0\u01a1ng t\u1ef1 nh\u01b0 v\u00f2ng [&#8230;]\n","protected":false},"featured_media":1964,"comment_status":"open","ping_status":"closed","template":"","meta":[],"product_brand":[],"product_cat":[300],"product_tag":[],"class_list":{"0":"post-1963","1":"product","2":"type-product","3":"status-publish","4":"has-post-thumbnail","6":"product_cat-vong-bi-con","7":"pa_nha-san-xuat-nsk","9":"first","10":"instock","11":"shipping-taxable","12":"product-type-simple"},"_links":{"self":[{"href":"https:\/\/restekequipment.com\/index.php?rest_route=\/wp\/v2\/product\/1963","targetHints":{"allow":["GET"]}}],"collection":[{"href":"https:\/\/restekequipment.com\/index.php?rest_route=\/wp\/v2\/product"}],"about":[{"href":"https:\/\/restekequipment.com\/index.php?rest_route=\/wp\/v2\/types\/product"}],"replies":[{"embeddable":true,"href":"https:\/\/restekequipment.com\/index.php?rest_route=%2Fwp%2Fv2%2Fcomments&post=1963"}],"wp:featuredmedia":[{"embeddable":true,"href":"https:\/\/restekequipment.com\/index.php?rest_route=\/wp\/v2\/media\/1964"}],"wp:attachment":[{"href":"https:\/\/restekequipment.com\/index.php?rest_route=%2Fwp%2Fv2%2Fmedia&parent=1963"}],"wp:term":[{"taxonomy":"product_brand","embeddable":true,"href":"https:\/\/restekequipment.com\/index.php?rest_route=%2Fwp%2Fv2%2Fproduct_brand&post=1963"},{"taxonomy":"product_cat","embeddable":true,"href":"https:\/\/restekequipment.com\/index.php?rest_route=%2Fwp%2Fv2%2Fproduct_cat&post=1963"},{"taxonomy":"product_tag","embeddable":true,"href":"https:\/\/restekequipment.com\/index.php?rest_route=%2Fwp%2Fv2%2Fproduct_tag&post=1963"}],"curies":[{"name":"wp","href":"https:\/\/api.w.org\/{rel}","templated":true}]}}